uppose -h = -15*a + 2388. Is a a composite number?
False
Is (-12877662)/(-154) - 22/121 a prime number?
True
Suppose -236*u = 41*u - 31994054. Is u composite?
True
Suppose -4*d = -3*m - d + 94881, 2*d = 5*m - 158135. Is m composite?
False
Let j = -76 + 84. Suppose 2*t - 3 = -t - 3*m, 2*t - j = 4*m. Suppose -286 = -t*k + 384. Is k prime?
False
Let w(l) = -80236*l + 2893 - 2893. Let h be w(-1). Is (h/(-130))/(2/(-5)) a composite number?
False
Suppose 4*l - 1978245 = 497*w - 498*w, -494557 = -l + 4*w. Is l prime?
True
Let t be (0 - 15423) + 21 + -25 + 5. Is 1*(9 - 4 - t) prime?
True
Let y = 601 - 599. Suppose 14*h = 9*h + 15, -y*d + 53915 = -5*h. Is d a prime number?
False
Let v(i) = -2*i**3 - 57*i**2 - i + 47. Let g(o) = o**3 + 29*o**2 + o - 24. Let b be 22*(-2 - (-3)/2). Let q(u) = b*g(u) - 6*v(u). Is q(-23) composite?
False
Is (-21417072)/(-80) + 64/(-160) a prime number?
True
Let c(k) = -4025*k**3 + 5*k**2 - 642*k - 3233. Is c(-5) a composite number?
False
Let j be -2 + -37 - (2 - 3 - 2). Let d = -34 - j. Suppose d*p - 4*z - 734 = 0, p - 5*z = -2*p + 1103. Is p composite?
True
Let w = -137 - -182. Suppose 40*a + 54565 = w*a. Is a composite?
True
Let m(i) = 0*i - 2*i + 434*i**3 + 2*i + 2*i - 2 + i**2. Let a be m(1). Let b = a + 1202. Is b a composite number?
False
Suppose -2*q = -5*w, 0*q = -5*w - 4*q. Suppose -3*u + 35 - 5 = w. Suppose 508 = u*f - 6*f. Is f a prime number?
True
Let a = 986 - 298. Suppose 8*n = 9*n + a. Let k = 2765 + n. Is k a prime number?
False
Let a(l) = -l**3 + 16*l**2 + 2*l - 40. Let o be a(16). Let j(g) = -g**3 - 10*g**2 - 5*g + 18. Let f be j(o). Let t = 544 - f. Is t composite?
True
Let x = -19 + 19. Suppose x*i - 6 = -3*i, -5*y - 2*i + 14 = 0. Suppose a = -3*z + 3449, -4*a = y*z - z - 1135. Is z prime?
True
Suppose -8*q = -5*q - 9. Suppose q*l - 15677 = 2*c, 3*l = -l + c + 20906. Is l composite?
False
Suppose 60*i + 3310436 = 152*i. Is i prime?
True
Let p(q) = 1315*q + 7553. Is p(68) composite?
False
Let x(h) = -4*h - 13. Let a be x(-4). Suppose a*s + 3*v = 54, 8 = 3*v + 2. Is 3338/2*(s - 15) composite?
False
Let q = 199 + -194. Is ((-3812)/(-14))/(q/35) prime?
False
Let z = 73 - 85. Is 2/(-4) - 2/(z/18717) composite?
False
Is 141*633 - (1216/(-32) - -30) composite?
False
Let j be (-6434)/(-12) + 40/(-240). Let q = 1062 - j. Is q prime?
False
Suppose -5*m = 3*s + 5, 6*m - 16 = 3*m + 2*s. Let u be 1 - (1 - (2 + 2)). Suppose 20 = -4*l, u*v - l - 1539 = m*l. Is v a composite number?
True
Let n be 0 - 1/((-8)/204)*-2. Let u = n + 53. Suppose -u*y = -201 - 29. Is y a prime number?
False
Is (-1142637)/(-15)*3*435/261 prime?
True
Let c(y) be the third derivative of -y**6/120 + 7*y**5/20 - y**4/3 - 17*y**3/3 - 16*y**2. Let o be (30/(-18))/(3/(-36)). Is c(o) a composite number?
True
Let i be (2 - -7932)*2/4*2. Suppose -3*y + i + 2437 = 0. Is y composite?
False
Let s(t) = 2*t + 32. Let y be s(-15). Is (-157)/y*(-5 - (-2 - 1)) prime?
True
Suppose -a + 3*a = -52*a + 2009394. Is a prime?
False
Let i = 32 - 30. Let g be 13 + -1 + i + -2. Is 134/6 - g/9 composite?
True
Let o(w) = -w**3 + 12*w**2 + 6. Let x be o(12). Is 9 + 8 + 15851 + x a prime number?
False
Suppose 41*o - 4 = 37*o, -2*s - 3*o + 194099 = 0. Suppose 0 = -13*u + s + 36111. Is u composite?
False
Let j(a) = -a**2 + 18*a - 77. Let h be j(10). Let o(w) = 98*w**2 - w + 8. Is o(h) composite?
False
Let y(n) = 221103*n**2 - 193*n - 191. Is y(-1) a prime number?
False
Let b(m) = -m**3 - 24*m**2 + 50. Let s be b(-24). Let o = s - 57. Let d(k) = -14*k + 11. Is d(o) prime?
True
Let z = 993434 + 69193. Is z a prime number?
False
Suppose 158*f = -5*f + 7172489. Is f a prime number?
False
Suppose -7*n - 122 = -5*n. Let b = n - -118. Suppose 4*d = b + 19. Is d a prime number?
True
Let o(p) = -2*p**3 + p**2 - p. Let m(z) = -35085*z**3 - 4*z**2 + 4*z. Let l(w) = -m(w) - 5*o(w). Is l(1) a prime number?
False
Suppose 2*h = -2*g - 4, 0 = -2*h + 6*h - 5*g - 28. Suppose 4*o + 69779 = -2*m - 68551, -h*m - 138360 = -2*o. Is (-2)/((-5)/(m/(-10))) prime?
True
Suppose 0 = 4*k + 16, -224*g + 34405 = -223*g - k. Is g prime?
False
Let i = 656761 + -346680. Is i composite?
False
Let l be 20 + 1*(4 + -5). Suppose 0 = l*m - 5790 - 43. Is m composite?
False
Let d be (1/(-3))/((-10)/(-30)) - 595. Let h = 1236 - 231. Let a = h + d. Is a composite?
False
Suppose -48*n + 43*n - 4*o + 829065 = 0, 2*n = 2*o + 331608. Is n a prime number?
False
Let h(y) = -y**3 - 6*y**2 + 26*y + 19. Let i be h(-9). Suppose 0 = 5*j + 20, 27*w + 538 = i*w + 4*j. Is w a prime number?
False
Let k be (-4)/6*-2 - 80/(-3). Let g = -15 + k. Suppose -g*b = -b - 7572. Is b composite?
False
Let l(n) = n**3 - 13*n**2 + 11*n + 14. Let k be l(12). Suppose 3*y + j = 10477 + 3046, 0 = 4*y - 2*j - 18014. Is y/18 - k/(-3) a composite number?
False
Let a(c) = -24986*c**2 + 2*c. Let o be a(1). Is o/(-24) - 4/(-2) a prime number?
False
Suppose -o + u = -2*o + 12561, -4*o - 2*u = -50254. Let r = o - 6703. Suppose 2*s - 3*m = r, m - 11734 = -4*s - m. Is s prime?
False
Let b be ((-2 - -62)/2)/((-1)/(-3)). Let f be -4*3/10*b/(-12). Suppose f*g = -7*g + 688. Is g a prime number?
True
Suppose 1915491 + 130387 = 74*f. Is f composite?
False
Is (77606/(-8))/(240/(-960)) a composite number?
False
Let z(n) be the first derivative of 2*n**2 + 16307*n - 9. Let l be z(0). Let j = l + -10168. Is j a prime number?
False
Let a be 20/9 + 8/(-36). Let y(d) = 2*d**3 - 4*d**2 + 2*d. Let f be y(a). Is (2/3)/(f/6798) - 0 prime?
False
Is ((-2698)/57 - 5)*-69 a prime number?
False
Is (-485)/97 + (0 - -67686) a prime number?
False
Let n be 24/(-132) + 202/22. Suppose -b + n = 2*b, -b = -5*u + 11237. Suppose 2*x - u + 302 = 0. Is x a prime number?
False
Let g be (1 - 0)*0 + 6. Let t = 2645 - 2646. Is t/3 - (-1796)/g a prime number?
False
Suppose -5*l - 1 = m - 7, -5*m - 3*l + 30 = 0. Suppose -5*x + 8*x = -m. Is -3 - ((x - -3) + -321) a prime number?
True
Suppose -19*d + 1106236 + 517831 = 160*d. Is d a composite number?
True
Let z be 18/(-36) - (-2)/((-12)/12435). Is ((8 - 4) + -1)*z/(-9) a prime number?
True
Let c(r) = -12*r + 25*r**3 - 16*r**3 - 466 - 89*r**3 + 351. Is c(-6) a composite number?
True
Let x = -23144 - -68403. Suppose -o = w + 4*w - 11296, 5*w = 4*o - x. Is o a composite number?
False
Let u(d) = 57*d**3 - d**2 + 2*d - 9. Let h be u(4). Let g = h - 1682. Is g composite?
False
Is 13 - (8096/276)/(2/(-98286)) prime?
False
Let m(o) = 183*o**2 - 2*o - 4. Suppose 2*f - 36 = -10*f. Is m(f) composite?
False
Suppose -11*r - 63218 = -1494637. Is r a prime number?
False
Is (-4350960)/(-300) + 66/(-30) a prime number?
False
Let m(b) be the first derivative of 7*b**4/4 - 7*b**3/3 - 7*b**2/2 + 164*b - 292. Is m(9) prime?
True
Suppose 299096 + 286536 = 32*x. Is x prime?
True
Is ((-1175076)/(-882))/(4/14) composite?
False
Let z(b) be the second derivative of -11*b**4/4 + b**3 + b**2 - 3*b. Let f be z(-3). Let r = 630 + f. Is r a prime number?
True
Suppose c = -3*v + 199021, 3*c + 5*v = 51291 + 545748. Is c composite?
True
Let c(l) = -14*l**3 - 62*l**2 + 34*l + 361. Is c(-38) composite?
True
Let k = -27 - -66. Let i be 13/k + (-16)/(-6). Suppose -1658 = -i*g - y, 84 + 462 = g + 2*y. Is g composite?
True
Suppose 18*w - 78491 = -4*a + 23*w, -w = -5*a + 98098. Is a composite?
True
Let f(p) = 63*p + 104. Let h(g) = 61*g + 106. Let a(l) = -7*f(l) + 6*h(l). Is a(-9) a prime number?
False
Suppose -o = 4*s - 7088, 2*o + 4*s - 6828 - 7336 = 0. Suppose 11*z - 13901 = o. Is z a composite number?
False
Let p(y) = 5*y + 105. Let x be p(-21). Suppose x = -2*l - 1408 + 18966. Is l prime?
True
Let z be 2/28*-4 - 80319/21. Let s = -2071 - z. Is (s/4)/(9/18) composite?
False
Suppose 5*r - 3*r + 30 = 2*l, -2*l = -5*r - 42. Let a(o) = 7*o - 1 + 2*o - 4 - o + l*o**2. Is a(4) a prime number?
False
Let x = 775 - 772. Suppose 3053 = r - x*d, -r = -2*d - 2068 - 985. Is r a prime number?
False
Suppose y = 4*m - 7, -8*y + m + 17 = -4*y. Suppose 0 = 16*z - 21*z, -y*u - 5*z = -12385. Is u prime?
True
Suppose -4*y + 6*y - 3 = -b, -3*y - 12 = -4*b. Suppose y = 6*x + 9*x - 20985. Is x a composite number?
False
Suppose -c + 2*w + 1689 = 0, 0 = -2*c - 5*w + 1686 + 1674. Let h = c + 2960. Is h a composite number?
True
Let t(l) = -14*l**2 - l + 38497. Is t(0) a composite number?
True
Suppose -129*w - 36